{"id":41070,"date":"2017-04-27T10:11:05","date_gmt":"2017-04-27T08:11:05","guid":{"rendered":"http:\/\/newparadigm.schillerinstitute.com\/?page_id=41070\/"},"modified":"2021-02-10T09:48:02","modified_gmt":"2021-02-10T14:48:02","slug":"krafft-ehrickes-vision-fur-die-zukunft-der-menschheit-schiller-institut-konferenz-munchen","status":"publish","type":"page","link":"https:\/\/schillerinstitute.com\/de\/krafft-ehrickes-vision-fur-die-zukunft-der-menschheit-schiller-institut-konferenz-munchen\/","title":{"rendered":"Krafft Ehrickes Vision f\u00fcr die Zukunft der Menschheit: Schiller Institut Konferenz in M\u00fcnchen"},"content":{"rendered":"<div class=\"big-title\">\n<div class=\"bar\"><\/div>\n<h2><strong>Schiller Institut Konferenz in M\u00fcnchen<\/strong><\/h2>\n<p class=\"sub-title\"><strong>Krafft Ehrickes Vision f\u00fcr die Zukunft der Menschheit<\/strong><\/p>\n<\/div>\n<h3>25. M\u00e4rz 2017<\/h3>\n<div class=\"hr\">\n<hr \/>\n<\/div>\n<div class=\"two-third\">\n<p><iframe loading=\"lazy\" title=\"Schiller Institut Konferenz in M\u00fcnchen - Krafft Ehrickes Vision f\u00fcr die Zukunft der Menschheit\" width=\"960\" height=\"540\" src=\"https:\/\/www.youtube.com\/embed\/op4Yj2ErYsE?feature=oembed\" frameborder=\"0\" allow=\"accelerometer; autoplay; clipboard-write; encrypted-media; gyroscope; picture-in-picture\" allowfullscreen><\/iframe><\/p>\n<\/div>\n<div class=\"one-third last\">\n<h3>&#8222;Krafft Ehricke&#8217;s <em>Extraterrestrial Imperative<\/em>&#8222;<\/h3>\n<h1>Helga Zepp-LaRouche<\/h1>\n<p>Pr\u00e4sident &amp; Gr\u00fcnderin des Schiller Instituts<\/p>\n<\/div>\n<div class=\"clearfix\"><\/div>\n<div class=\"hr\">\n<hr \/>\n<\/div>\n<div class=\"two-third\">\n<p><iframe loading=\"lazy\" title=\"Marsha Freeman \u2013 Krafft Ehricke&#039;s &quot;Extraterrestrial Imperative&quot;\" width=\"960\" height=\"540\" src=\"https:\/\/www.youtube.com\/embed\/9K2nHXgxQjg?feature=oembed\" frameborder=\"0\" allow=\"accelerometer; autoplay; clipboard-write; encrypted-media; gyroscope; picture-in-picture\" allowfullscreen><\/iframe><\/p>\n<\/div>\n<div class=\"one-third last\">\n<div class=\"one-third last\">\n<h3>&#8222;Krafft Ehricke&#8217;s Extraterrestrial Imperative&#8220;<\/h3>\n<h1>Marsha Freeman<\/h1>\n<p>Science editor of Executive Intelligence Review (EIR)<\/p>\n<\/div>\n<div class=\"clearfix\"><\/div>\n<\/div>\n<div class=\"hr\">\n<hr \/>\n<\/div>\n<div class=\"two-third\">\n<p><iframe loading=\"lazy\" title=\"Professor Karl Otto Weiss \u2013 \u201eKreativit\u00e4t\u2013 die einzig wichtige Ressource\u201c\" width=\"960\" height=\"540\" src=\"https:\/\/www.youtube.com\/embed\/7UGxP7u8MJs?feature=oembed\" frameborder=\"0\" allow=\"accelerometer; autoplay; clipboard-write; encrypted-media; gyroscope; picture-in-picture\" allowfullscreen><\/iframe><\/p>\n<\/div>\n<div class=\"one-third last\">\n<h1>Professor Karl Otto Weiss<\/h1>\n<h2 class=\"title style-scope ytd-video-primary-info-renderer\">\u201eKreativit\u00e4t\u2013 die einzig wichtige Ressource\u201c<\/h2>\n<\/div>\n<div class=\"clearfix\"><\/div>\n<div class=\"hr\">\n<hr \/>\n<\/div>\n<div class=\"two-third\">\n<p><iframe loading=\"lazy\" title=\"Jaqueline Myrrhe: \u201eChinas Raumfahrtprogramm \u2013 Hase oder Igel?\u201c\" width=\"960\" height=\"540\" src=\"https:\/\/www.youtube.com\/embed\/VzQUxJaZYmc?feature=oembed\" frameborder=\"0\" allow=\"accelerometer; autoplay; clipboard-write; encrypted-media; gyroscope; picture-in-picture\" allowfullscreen><\/iframe><\/p>\n<\/div>\n<div class=\"one-third last\">\n<h1 id=\"watch7-content\" class=\"watch-main-col\">Jacqueline Myrrhe<\/h1>\n<h2>&#8222;Chinas Raumfahrtprogramm &#8211; Hase oder Igel?&#8220;<\/h2>\n<\/div>\n<div class=\"clearfix\"><\/div>\n<div class=\"hr\">\n<hr \/>\n<\/div>\n<div class=\"two-third\">\n<p><iframe loading=\"lazy\" title=\"Prof.  Claude Nicolier \u2013 Steps in Space\" width=\"960\" height=\"540\" src=\"https:\/\/www.youtube.com\/embed\/dQvbkqeYfgo?feature=oembed\" frameborder=\"0\" allow=\"accelerometer; autoplay; clipboard-write; encrypted-media; gyroscope; picture-in-picture\" allowfullscreen><\/iframe><\/p>\n<\/div>\n<div class=\"one-third last\">\n<h3>&#8222;Steps in Space&#8220;<\/h3>\n<h1>Prof. Claude Nicolier<\/h1>\n<p>first astronaut from Switzerland, who took part in two servicing missions to the Hubble Space Telescope<\/p>\n<\/div>\n<div class=\"clearfix\"><\/div>\n<div class=\"hr to-top\">\n<hr \/>\n<p><span class=\"to-top\">To Top<\/span><\/div>\n<h2><\/h2>\n<!-- AddThis Advanced Settings generic via filter on the_content --><!-- AddThis Share Buttons generic via filter on the_content -->","protected":false},"excerpt":{"rendered":"<p>Schiller Institut Konferenz in M\u00fcnchen Krafft Ehrickes Vision f\u00fcr die Zukunft der Menschheit 25. M\u00e4rz 2017 &#8222;Krafft Ehricke&#8217;s Extraterrestrial Imperative&#8222; Helga Zepp-LaRouche Pr\u00e4sident &amp; Gr\u00fcnderin des Schiller Instituts &#8222;Krafft Ehricke&#8217;s Extraterrestrial Imperative&#8220; Marsha Freeman Science editor of Executive Intelligence Review (EIR) Professor Karl Otto Weiss&hellip;<!-- AddThis Advanced Settings generic via filter on get_the_excerpt --><!-- AddThis Share Buttons generic via filter on get_the_excerpt --><\/p>\n","protected":false},"author":15,"featured_media":0,"parent":0,"menu_order":0,"comment_status":"closed","ping_status":"closed","template":"template_fullwidth.php","meta":{"_lmt_disableupdate":"no","_lmt_disable":"","footnotes":""},"categories":[],"tags":[],"class_list":["post-41070","page","type-page","status-publish","hentry"],"featured_image_src":null,"_links":{"self":[{"href":"https:\/\/schillerinstitute.com\/de\/wp-json\/wp\/v2\/pages\/41070","targetHints":{"allow":["GET"]}}],"collection":[{"href":"https:\/\/schillerinstitute.com\/de\/wp-json\/wp\/v2\/pages"}],"about":[{"href":"https:\/\/schillerinstitute.com\/de\/wp-json\/wp\/v2\/types\/page"}],"author":[{"embeddable":true,"href":"https:\/\/schillerinstitute.com\/de\/wp-json\/wp\/v2\/users\/15"}],"replies":[{"embeddable":true,"href":"https:\/\/schillerinstitute.com\/de\/wp-json\/wp\/v2\/comments?post=41070"}],"version-history":[{"count":1,"href":"https:\/\/schillerinstitute.com\/de\/wp-json\/wp\/v2\/pages\/41070\/revisions"}],"predecessor-version":[{"id":68284,"href":"https:\/\/schillerinstitute.com\/de\/wp-json\/wp\/v2\/pages\/41070\/revisions\/68284"}],"wp:attachment":[{"href":"https:\/\/schillerinstitute.com\/de\/wp-json\/wp\/v2\/media?parent=41070"}],"wp:term":[{"taxonomy":"category","embeddable":true,"href":"https:\/\/schillerinstitute.com\/de\/wp-json\/wp\/v2\/categories?post=41070"},{"taxonomy":"post_tag","embeddable":true,"href":"https:\/\/schillerinstitute.com\/de\/wp-json\/wp\/v2\/tags?post=41070"}],"curies":[{"name":"wp","href":"https:\/\/api.w.org\/{rel}","templated":true}]}}

Krafft Ehrickes Vision für die Zukunft der Menschheit: Schiller Institut Konferenz in München

<div class="big-title">
<div class="bar"></div>
<h2><strong>Schiller Institut Konferenz in München</strong></h2>
<p class="sub-title"><strong>Krafft Ehrickes Vision für die Zukunft der Menschheit</strong></p>
</div>
<h3>25. März 2017</h3>
<div class="hr">
<hr />
</div>
<div class="two-third">
<p><iframe loading="lazy" title="Schiller Institut Konferenz in München - Krafft Ehrickes Vision für die Zukunft der Menschheit" width="960" height="540" src="https://www.youtube.com/embed/op4Yj2ErYsE?feature=oembed" frameborder="0" allow="accelerometer; autoplay; clipboard-write; encrypted-media; gyroscope; picture-in-picture" allowfullscreen></iframe></p>
</div>
<div class="one-third last">
<h3>&#8222;Krafft Ehricke&#8217;s <em>Extraterrestrial Imperative</em>&#8222;</h3>
<h1>Helga Zepp-LaRouche</h1>
<p>Präsident &amp; Gründerin des Schiller Instituts</p>
</div>
<div class="clearfix"></div>
<div class="hr">
<hr />
</div>
<div class="two-third">
<p><iframe loading="lazy" title="Marsha Freeman – Krafft Ehricke&#039;s &quot;Extraterrestrial Imperative&quot;" width="960" height="540" src="https://www.youtube.com/embed/9K2nHXgxQjg?feature=oembed" frameborder="0" allow="accelerometer; autoplay; clipboard-write; encrypted-media; gyroscope; picture-in-picture" allowfullscreen></iframe></p>
</div>
<div class="one-third last">
<div class="one-third last">
<h3>&#8222;Krafft Ehricke&#8217;s Extraterrestrial Imperative&#8220;</h3>
<h1>Marsha Freeman</h1>
<p>Science editor of Executive Intelligence Review (EIR)</p>
</div>
<div class="clearfix"></div>
</div>
<div class="hr">
<hr />
</div>
<div class="two-third">
<p><iframe loading="lazy" title="Professor Karl Otto Weiss – „Kreativität– die einzig wichtige Ressource“" width="960" height="540" src="https://www.youtube.com/embed/7UGxP7u8MJs?feature=oembed" frameborder="0" allow="accelerometer; autoplay; clipboard-write; encrypted-media; gyroscope; picture-in-picture" allowfullscreen></iframe></p>
</div>
<div class="one-third last">
<h1>Professor Karl Otto Weiss</h1>
<h2 class="title style-scope ytd-video-primary-info-renderer">„Kreativität– die einzig wichtige Ressource“</h2>
</div>
<div class="clearfix"></div>
<div class="hr">
<hr />
</div>
<div class="two-third">
<p><iframe loading="lazy" title="Jaqueline Myrrhe: „Chinas Raumfahrtprogramm – Hase oder Igel?“" width="960" height="540" src="https://www.youtube.com/embed/VzQUxJaZYmc?feature=oembed" frameborder="0" allow="accelerometer; autoplay; clipboard-write; encrypted-media; gyroscope; picture-in-picture" allowfullscreen></iframe></p>
</div>
<div class="one-third last">
<h1 id="watch7-content" class="watch-main-col">Jacqueline Myrrhe</h1>
<h2>&#8222;Chinas Raumfahrtprogramm &#8211; Hase oder Igel?&#8220;</h2>
</div>
<div class="clearfix"></div>
<div class="hr">
<hr />
</div>
<div class="two-third">
<p><iframe loading="lazy" title="Prof.  Claude Nicolier – Steps in Space" width="960" height="540" src="https://www.youtube.com/embed/dQvbkqeYfgo?feature=oembed" frameborder="0" allow="accelerometer; autoplay; clipboard-write; encrypted-media; gyroscope; picture-in-picture" allowfullscreen></iframe></p>
</div>
<div class="one-third last">
<h3>&#8222;Steps in Space&#8220;</h3>
<h1>Prof. Claude Nicolier</h1>
<p>first astronaut from Switzerland, who took part in two servicing missions to the Hubble Space Telescope</p>
</div>
<div class="clearfix"></div>
<div class="hr to-top">
<hr />
<p><span class="to-top">To Top</span></div>
<h2></h2>
<!-- AddThis Advanced Settings generic via filter on the_content --><!-- AddThis Share Buttons generic via filter on the_content -->

<p>Schiller Institut Konferenz in München Krafft Ehrickes Vision für die Zukunft der Menschheit 25. März 2017 &#8222;Krafft Ehricke&#8217;s Extraterrestrial Imperative&#8222; Helga Zepp-LaRouche Präsident &amp; Gründerin des Schiller Instituts &#8222;Krafft Ehricke&#8217;s Extraterrestrial Imperative&#8220; Marsha Freeman Science editor of Executive Intelligence Review (EIR) Professor Karl Otto Weiss&hellip;<!-- AddThis Advanced Settings generic via filter on get_the_excerpt --><!-- AddThis Share Buttons generic via filter on get_the_excerpt --></p>
